-8)/(-48). Let p = j - -12. Let t = 2 + p. What is the highest common factor of t and 77?
7
Let i be 27306/24 + -13 - (-2)/8. What is the greatest common divisor of 9 and i?
9
Suppose 7*r - 2*r = 420. Calculate the greatest common divisor of r and 154.
14
Suppose 31*f - 9231 = -24. Calculate the highest common divisor of f and 33.
33
Let g = 1541 - 1503. Calculate the highest common divisor of g and 3838.
38
Let k = -316 - -606. Calculate the greatest common factor of 90 and k.
10
Suppose 0 = 49*z - 57*z + 168. What is the greatest common divisor of 483 and z?
21
Let r be (-1)/(-2)*2*10. Let g(x) = x**2 + 2*x + 24. Let w be g(r). What is the highest common factor of w and 16?
16
Let r = 1355 - 1135. Calculate the highest common factor of r and 55.
55
Let d be ((-8)/(-6))/((-4)/(-18)). Let a(u) = 14*u - 13. Let f be a(7). Let m = f - 55. Calculate the greatest common factor of m and d.
6
Suppose -53 = -3*r - 2*r + 2*m, 0 = -5*r - 4*m + 59. Let f = r - 7. Suppose 5*j = t - 7, 0 = -4*t - j + 3 + f. Calculate the highest common divisor of 5 and t.
1
Let w = 3 - -16. Suppose 0 = -0*g + 2*g - 4. Suppose g*p - 2 = -3*o + w, 5*p + 3*o = 39. What is the highest common divisor of p and 24?
6
Let p = -218 + 246. Calculate the greatest common divisor of p and 35.
7
Suppose 3*t - 5*t - 5*m = -115, -4*t - 5*m + 215 = 0. Let b = -30 + t. Calculate the greatest common factor of b and 8.
4
Let k(n) = 10*n + 24. Let c be k(-2). What is the highest common factor of c and 16?
4
Let i(r) = 47*r**3 + r**2 - r + 1. Let c be i(1). Suppose -j + 13 - 1 = 0. What is the highest common factor of j and c?
12
Suppose -3*n - 2*z = -10, 5*n - 3*z = -0*n + 23. Suppose n*s = -r + 2*s, -4*r + 24 = 2*s. Let p = -1 + 3. Calculate the highest common factor of p and r.
2
Let j be (3 - 54)*21/(-9). Calculate the highest common factor of j and 35.
7
Suppose -5*r = -2*q + q - 10, 4*r = 4*q - 8. Suppose 8*u - r*u - 225 = 0. Suppose z = u + 6. What is the greatest common factor of z and 17?
17
Suppose 4*u - 3556 = -2*d, d = 216*u - 212*u + 1802. Calculate the greatest common divisor of d and 38.
38
Let m = 353 - 338. Calculate the greatest common factor of m and 75.
15
Let t = -493 - -496. Calculate the greatest common divisor of t and 27.
3
Let d = 35 - 29. Let s = -9 + 6. Let f be (-4)/12 - 46/s. What is the greatest common factor of d and f?
3
Let i(u) = u**2 - 5*u + 111. Let m be i(10). Let p(t) = 8*t - 1. Let o be p(3). What is the greatest common factor of m and o?
23
Let f = -17 + -41. Let d = f + 94. Calculate the greatest common divisor of d and 54.
18
Let t(g) = g**2 - 47*g + 34. Let j be t(47). Calculate the greatest common divisor of 51 and j.
17
Let a = 25764 + -25732. Let g be (-68)/(-18) - (-4)/18. Calculate the highest common divisor of a and g.
4
Suppose 2*w - 2*y - 2142 = 0, 3217 = -2*w + 5*w - 4*y. Calculate the highest common divisor of 11 and w.
11
Suppose 19*p - 15*p + 23 = l, 0 = -4*l + 3*p + 27. Calculate the greatest common divisor of 213 and l.
3
Suppose -k + v = -201, 3*k + 0*k - 5*v - 597 = 0. Calculate the highest common factor of k and 84.
12
Let a(j) = 2*j + 2. Let p be a(-1). Suppose p = 3*f - 2*f. Suppose f = -z - z + 52. Calculate the highest common divisor of z and 13.
13
Let k be (1 + -7 + -146)*(1 + -2). What is the greatest common factor of k and 8?
8
Let h be (-1)/3 + 1 + 444/(-18). Let a be (8/h)/(2/(-54)). Calculate the greatest common divisor of 99 and a.
9
Suppose -1 - 12 = -2*u - d, -3*d - 33 = -3*u. Suppose -13*o + 12*o = -u. What is the greatest common divisor of 16 and o?
8
Let g = 7 + -15. Let o = -204 + 190. Let n be (525/o)/(6/g). What is the greatest common factor of n and 20?
10
Let y be -7 + (5 - 336/(-3)). Calculate the greatest common divisor of y and 88.
22
Suppose -4*m + 27 = 3*w, -1 = 2*w - 4*w + 3*m. Let o be (0 + -3 + 3)*1. Suppose o = -6*s + w*s + 12. What is the highest common factor of 30 and s?
6
Let o(r) = -109*r - 1. Suppose t = b - 5 + 10, 2*t = -2*b + 6. Let z be o(b). Calculate the highest common factor of 12 and z.
12
Let j(n) = n**2 + 11*n + 35. Let o be j(-7). What is the greatest common factor of 175 and o?
7
Let d(h) = 3*h**2 + 55*h + 19. Let n be d(-18). What is the greatest common divisor of 1 and n?
1
Let c(i) = -i**2 - 10*i - 15. Let b be c(-7). Let z = -11 - -23. What is the greatest common factor of z and b?
6
Let o(n) = -n**3 + 3*n + 1. Suppose -8*v = 12 + 4. Let i be o(v). Suppose 6 + 6 = 2*s. What is the highest common factor of s and i?
3
Let d(q) = -24*q + 13. Let h be d(-10). Suppose 25*n - 663 = -88. What is the highest common divisor of n and h?
23
Suppose 6*t = -14 + 26. Suppose z + t*z = -5*h + 636, 3*z = 5*h + 606. Calculate the greatest common divisor of 23 and z.
23
Let j be (2/(-2))/((-2)/10). Suppose j*v - 2*v = 351. Calculate the highest common factor of 13 and v.
13
Let u = 56 + -54. Suppose u*m - 4*p = 126, 0*m - 5*p + 153 = 2*m. What is the highest common divisor of m and 46?
23
Suppose 3*y - 10 = -0*y - o, -2*y + 2*o + 4 = 0. Suppose -l + 129 = 4*l + 2*r, 0 = y*l + 5*r - 66. Calculate the greatest common divisor of 9 and l.
9
Let n = 504 - 423. What is the greatest common divisor of n and 9?
9
Let a(p) = -1. Let f(c) = c - 62. Let k(d) = -3*a(d) - f(d). Let g be k(-25). Calculate the highest common divisor of g and 18.
18
Suppose 0 = 3*w + 3*b - 5 - 7, 0 = -4*w + 4*b - 8. Suppose -1 = -a + 3*z, 2*a + 0*a - 5*z - 2 = 0. Calculate the highest common factor of w and a.
1
Let f be 105 + (1 + -55)/6. Suppose -4*l - 43 - 125 = 3*a, -3*a + 4*l - 168 = 0. Let s = a + f. Calculate the greatest common divisor of s and 100.
20
Let j = -73 + 77. Suppose -3*t = 4*q - 82, -j*q = 3*t - 5*t + 68. Calculate the highest common factor of 20 and t.
10
Let i(g) = -6*g**2 - 71*g + 14. Let y be i(-12). What is the highest common factor of y and 11?
1
Suppose 4*v = -h + 5*h - 12, -4*v - 20 = 0. Let t(x) = 3*x**2 - 3*x - 5. Let o be t(h). Calculate the greatest common factor of 13 and o.
13
Suppose -8 = -3*g - 14. Let o be ((0 - -4)/g)/2. Let q be (-2 - o)*(2 - 8). Calculate the highest common factor of q and 54.
6
Let o(d) = d**3 + 12*d**2 - 71*d + 28. Let q be o(-15). Calculate the highest common factor of q and 22.
22
Let q be (0*(-1)/3)/1. Suppose q*w - 4*w = -112. Suppose 8*z - 252 = 2*z. Calculate the highest common divisor of z and w.
14
Let l be 8/(-24) - 118/(-3). Suppose 3 = -j + l. What is the greatest common factor of 9 and j?
9
Suppose 0 = 4*o + 2 - 2. Suppose 3*s + 74 - 119 = o. Calculate the highest common factor of 15 and s.
15
Let z(o) = 136*o + 5. Let g be z(5). Suppose -4*q + 595 = -g. Suppose -q = r - 3*r. What is the highest common divisor of 32 and r?
32
Let k(l) = -3*l - 8*l + 8*l. Let a be k(-9). Calculate the greatest common divisor of 18 and a.
9
Let x(m) = 17*m**2 - m + 3. Let w be x(-3). Suppose -2*b + w + 9 = 0. Calculate the greatest common divisor of b and 14.
14
Let b be 32 - ((-3 - 0) + 2). Suppose -b = -l + z, 2*z + 79 = 3*l - 19. Calculate the highest common divisor of l and 48.
16
Suppose 10*i + 351 + 99 = 0. Let d = i + 135. Calculate the highest common factor of d and 15.
15
Let q be -4 - (-3)/(-6)*(-1209 - 3). What is the highest common divisor of q and 344?
86
Let l = -40 + 43. Suppose -l*y = 12 - 30. Calculate the greatest common factor of 2 and y.
2
Let u(m) = -m**2 - 12*m - 12. Let y be u(-5). Suppose b = 5*l - 37, b + y = 4*l - 2*b. What is the highest common factor of 20 and l?
4
Suppose -6*z + z = 25, 0 = -3*m - 4*z - 8. Suppose 4*s - 15 = -g, -2*s - 3*g = 1 + m. What is the greatest common divisor of 2 and s?
1
Let z = 2 + 2. Let q be (-80)/z*(-3 + 1). Let h = -49 + 54. What is the highest common divisor of q and h?
5
Suppose 0 = -10*x + 1648 + 4472. Calculate the greatest common factor of x and 68.
68
Let n(a) = 7*a - 37. Let r be n(11). Suppose 0 = -c + 11 - 1. What is the highest common factor of r and c?
10
Let f = -381 + 703. What is the highest common factor of 7 and f?
7
Let d(q) = -6*q**3 + q. Let o be 2*1/(-4)*2. Let g be d(o). Suppose 132 = 4*v - 3*z, g*v - 165 = -4*z + 2*z. Calculate the highest common factor of 264 and v.
33
Let z = -84 - -86. Suppose 0 = -2*j + 2*g + 18, j - g + 1 = -z*g. Calculate the highest common divisor of j and 8.
4
Suppose -2